, 3, 47, 16189
List the prime factors of 43909815.
3, 5, 223, 13127
What are the prime factors of 577141962?
2, 3, 96190327
List the prime factors of 1390177456.
2, 191, 193, 2357
What are the prime factors of 47279999?
13, 19, 79, 2423
What are the prime factors of 8275538?
2, 23, 179903
What are the prime factors of 128584737?
3, 443, 32251
What are the prime factors of 42718372?
2, 31, 11113
List the prime factors of 358096624.
2, 31, 41, 17609
What are the prime factors of 50099598?
2, 3, 2783311
List the prime factors of 128310274.
2, 64155137
What are the prime factors of 1371288624?
2, 3, 41, 696793
List the prime factors of 135198214.
2, 67599107
What are the prime factors of 31544655?
3, 5, 19, 151, 733
List the prime factors of 48961534.
2, 83, 294949
What are the prime factors of 25201751?
2113, 11927
What are the prime factors of 8853418?
2, 7, 61, 1481
List the prime factors of 134525803.
6967, 19309
What are the prime factors of 80846082?
2, 3, 359, 12511
List the prime factors of 808714262.
2, 404357131
List the prime factors of 659278852.
2, 41, 4019993
What are the prime factors of 1549952895?
3, 5, 443, 233251
List the prime factors of 46869915.
3, 5, 97, 32213
List the prime factors of 231460887.
3, 7, 131, 84137
What are the prime factors of 2785245899?
2785245899
What are the prime factors of 188176954?
2, 7, 1920173
What are the prime factors of 460904817?
3, 479, 320741
What are the prime factors of 4614316256?
2, 11, 17, 771109
List the prime factors of 46438045.
5, 1567, 5927
What are the prime factors of 2516688660?
2, 3, 5, 59, 710929
What are the prime factors of 1625129499?
3, 7, 281, 275399
What are the prime factors of 441491132?
2, 110372783
What are the prime factors of 2901435686?
2, 79, 101, 113, 1609
What are the prime factors of 175569230?
2, 5, 113, 155371
List the prime factors of 102713241.
3, 41, 419, 1993
What are the prime factors of 72444708?
2, 3, 7, 71, 4049
What are the prime factors of 591236741?
359, 1646899
List the prime factors of 603324052.
2, 1129, 133597
List the prime factors of 28444066.
2, 7, 211, 9629
List the prime factors of 3297134.
2, 1648567
List the prime factors of 47148625.
5, 347, 1087
What are the prime factors of 910743899?
13, 70057223
List the prime factors of 1917377067.
3, 19421, 32909
List the prime factors of 1220094219.
3, 406698073
What are the prime factors of 406223340?
2, 3, 5, 6770389
List the prime factors of 92173115.
5, 1399, 13177
What are the prime factors of 87586133?
7559, 11587
What are the prime factors of 6253287901?
7, 107, 8348849
List the prime factors of 71488864.
2, 389, 5743
What are the prime factors of 1355330751?
3, 167, 2705251
What are the prime factors of 20403681?
3, 6801227
List the prime factors of 195634591.
4283, 45677
What are the prime factors of 41198119?
53, 61, 12743
What are the prime factors of 10749447?
3, 1194383
List the prime factors of 57641587.
2503, 23029
List the prime factors of 262916335.
5, 11, 23, 307, 677
What are the prime factors of 89593727?
89593727
What are the prime factors of 133641502?
2, 107, 727, 859
List the prime factors of 2277945602.
2, 1138972801
List the prime factors of 92216567.
61, 1511747
What are the prime factors of 2351591669?
7, 1277, 263071
List the prime factors of 15358596.
2, 3, 11, 307, 379
List the prime factors of 1605064206.
2, 3, 229, 1168169
What are the prime factors of 191636015?
5, 127, 301789
List the prime factors of 239351694.
2, 3, 39891949
What are the prime factors of 112127654?
2, 103, 107, 5087
What are the prime factors of 18575154?
2, 3, 13, 163, 487
List the prime factors of 927046076.
2, 11, 21069229
List the prime factors of 173641004.
2, 127, 341813
What are the prime factors of 310866482?
2, 23, 6757967
What are the prime factors of 10433256?
2, 3, 434719
What are the prime factors of 19175439?
3, 17, 1301
What are the prime factors of 3072793393?
307, 2579, 3881
List the prime factors of 1424051207.
1424051207
List the prime factors of 64256188.
2, 491, 32717
What are the prime factors of 573262822?
2, 11, 97, 353, 761
What are the prime factors of 2876054812?
2, 719013703
List the prime factors of 104379893.
1021, 102233
What are the prime factors of 2414759329?
41, 191, 308359
What are the prime factors of 4817079968?
2, 199, 433, 1747
List the prime factors of 483870799.
107, 4522157
What are the prime factors of 9715291?
43, 101, 2237
List the prime factors of 4612021.
107, 43103
List the prime factors of 8966936.
2, 11, 19, 31, 173
List the prime factors of 33496623.
3, 3721847
List the prime factors of 4150730782.
2, 11, 188669581
List the prime factors of 896533079.
13, 68964083
List the prime factors of 328031037.
3, 23, 41, 38651
List the prime factors of 754965574.
2, 11, 34316617
List the prime factors of 1739786119.
67, 25966957
List the prime factors of 195549188.
2, 73, 669689
List the prime factors of 322936938.
2, 3, 149, 347
List the prime factors of 410494637.
7, 229, 256079
What are the prime factors of 197057785?
5, 39411557
What are the prime factors of 699149836?
2, 7, 11, 83, 3907
List the prime factors of 963030375.
3, 5, 211, 4057
What are the prime factors of 115105233?
3, 4463, 8597
List the prime factors of 178454792.
2, 23, 969863
List the prime factors of 7412436.
2, 3, 109, 1889
What are the prime factors of 578006235?
3, 5, 47, 273289
List the prime factors of 112413945.
3, 5, 7, 17, 71, 887
What are the prime factors of 1236048766?
2, 2089, 295847
What are the prime factors of 148089704?
2, 7, 41, 64499
List the prime factors of 236947045.
5, 139, 340931
What are the prime factors of 129232160?
2, 5, 61, 13241
What are the prime factors of 12257575?
5, 11, 29, 53
What are the prime factors of 4246141613?
7, 10247, 59197
List the prime factors of 7485255.
3, 5, 181, 919
What are the prime factors of 958143437?
958143437
List the prime factors of 107024665.
5, 11, 1945903
What are the prime factors of 58227459?
3, 19409153
What are the prime factors of 13722751?
7, 59, 149, 223
List the prime factors of 21349098.
2, 3, 389, 3049
What are the prime factors of 1144817929?
593, 1930553
List the prime factors of 1021617491.
19687, 51893
List the prime factors of 1696994923.
13, 130538071
List the prime factors of 6263347879.
23, 43, 173, 36607
List the prime factors of 772454693.
772454693
What are the prime factors of 683985881?
1511, 452671
What are the prime factors of 277973037?
3, 30885893
List the prime factors of 55743770.
2, 5, 2087, 2671
What are the prime factors of 498003995?
5, 31, 113, 28433
What are the prime factors of 61255259?
13, 19, 247997
What are the prime factors of 195349364?
2, 7, 109, 64007
What are the prime factors of 2421130467?
3, 7, 239, 482393
What are the prime factors of 44876494?
2, 13, 509, 3391
What are the prime factors of 77793303?
3, 7, 3704443
What are the prime factors of 1163278937?
31, 41, 915247
What are the prime factors of 55619301?
3, 31, 598057
What are the prime factors of 2599804799?
71, 2459, 14891
What are the prime factors of 20054542?
2, 163, 227, 271
What are the prime factors of 5916323147?
7, 29, 1004981
What are the prime factors of 298040710?
2, 5, 11, 683, 3967
What are the prime factors of 81822681?
3, 191, 47599
List the prime factors of 68794998.
2, 3, 11465833
List the prime factors of 934117135.
5, 7, 487, 7829
What are the prime factors of 122411051?
7, 2843, 6151
List the prime factors of 178953045.
3, 5, 11930203
List the prime factors of 252282727.
252282727
List the prime factors of 2121808848.
2, 3, 44204351
List the prime factors of 1111781020.
2, 5, 7, 97, 81869
What are the prime factors of 284610940?
2, 5, 17, 73, 11467
What are the prime factors of 31528554?
2, 3, 73, 71983
What are the prime factors of 58626354?
2, 3, 151, 64709
List the prime factors of 393800397.
3, 59, 2224861
What are the prime factors of 100190028?
2, 3, 8349169
What are the prime factors of 274298291?
139, 1973369
What are the prime factors of 333210741?
3, 43, 2583029
List the prime factors of 250514069.
13, 19, 31, 32717
List the prime factors of 2996580483.
3, 13, 25611799
List the prime factors of 101370050.
2, 5, 2027401
List the prime factors of 1085424260.
2, 5, 54271213
What ar